?
9
Suppose -4*g + 0*g = 5*p - 20, 0 = 2*p - 3*g + 15. Suppose p = -z - 7*z + 176. What is the tens digit of z?
2
Suppose 23 = -9*o - 31. What is the units digit of 316/6 - 2/o?
3
Let c be -3*(-2 - (-6)/(-3)). Let v be 38/12 + (-2)/c. Suppose 0*o - v*o = -9. What is the units digit of o?
3
Let d = 344 + -135. What is the units digit of d?
9
Suppose 3*v - 2*i - 10345 = 0, -2*i - 8546 = -4*v + 5246. What is the tens digit of v?
4
Let n(a) = a**2 - 6. Let y = 22 - 28. What is the tens digit of n(y)?
3
Let t(s) = 11*s**3 - 29*s**2 + s + 14. What is the tens digit of t(7)?
7
Let m(a) = -4*a**2 - 4*a + 78. Let x(k) = 3*k**2 + 3*k - 77. Let n(s) = -4*m(s) - 5*x(s). Let g be n(0). Let y = g - 50. What is the tens digit of y?
2
Let x = 1263 - 789. What is the tens digit of x?
7
Let p(o) = -309*o + 129. What is the thousands digit of p(-5)?
1
Suppose -3*f - q = -325, 5*f - 9*f + 445 = -q. What is the units digit of f?
0
Let l(h) = 47*h**2 + 26*h - 71. What is the units digit of l(3)?
0
Let r(c) = -11*c + 30. Let x = 40 - 45. What is the units digit of r(x)?
5
Let m = 2319 + -999. What is the tens digit of m?
2
Let o be 20/(-8)*6/5. Let z(h) = -94*h - 18. What is the units digit of z(o)?
4
Suppose 2*h = 3 + 3. Suppose 3*k - 57 = 5*i, 2*i + 5*k = h*i + 7. Let u = i + 29. What is the units digit of u?
7
Let x = 24 + -8. Let o = x - -9. What is the units digit of o?
5
What is the tens digit of 25920/48 + 4*1?
4
What is the units digit of 9/(2*(-10)/(-960))?
2
Let b = -11 - -22. Suppose -2*a - 1 = -2*o + 3*a, 2*o + 5*a - b = 0. What is the units digit of ((-12)/o)/(-2) - -56?
8
Let o(r) = r**2 + 4. Let b be o(-6). Let h = 77 - b. What is the units digit of h?
7
Let s(o) = o**2 - 3*o + 2. Let p be s(3). Suppose p = -u, 4*w - u = 6*w - 10. Suppose 0 = h - w - 18. What is the tens digit of h?
2
Let z(l) = 6*l**2 - 5*l**2 + 13*l + 44 - 73. What is the units digit of z(5)?
1
Let t(p) = 13*p**2 - p + 6*p**3 + p**3 - 6*p**3 - 13. Let x be t(-13). Suppose o - 3*g - 31 = x, 0 = -3*o - 4*g + 46 + 34. What is the tens digit of o?
2
Suppose 326 = 3*w - 1147. Let y = w + -307. What is the hundreds digit of y?
1
Let b = -93 + 83. What is the units digit of ((1524/b)/3)/(46/(-115))?
7
Let f(b) be the third derivative of b**6/120 - 3*b**5/20 + 5*b**4/24 - b**3/3 + 8*b**2. Let m be (-9)/2*(-2 + 0). What is the tens digit of f(m)?
4
What is the tens digit of (10/2 - 4 - 348)/(-1)?
4
Let z = 13 + -10. Let n be z - 3 - 0 - 8. Let w(l) = -l + 9. What is the tens digit of w(n)?
1
Suppose 1998 = 5*w + 4*x, -4*x + 15 = -w + 429. What is the units digit of w?
2
Suppose 4079 = 2*d + y - 503, 4*d + 3*y = 9164. What is the tens digit of d?
9
Let o(c) = -12*c - 21. Let k(u) = -u**2 - 3*u - 3. Let z be k(-4). What is the units digit of o(z)?
3
Let d be 1/((12/(-28))/(-3)). Let f(q) = 15*q - 21. What is the tens digit of f(d)?
8
Let y(d) = d**3 - 24*d**2 + d - 17. Let i be (-384)/112*(-6 + -1). What is the units digit of y(i)?
7
Let f = 3218 - 1719. What is the units digit of f?
9
Suppose -y = -5*y - 20. Let d = -5 - y. Suppose -2*x + 5*v = 2*x - 209, -2*x + v + 109 = d. What is the tens digit of x?
5
Let i = 16 + -10. Suppose -i*x + 9 = -3*x. Suppose -b - 5*f = -47, -5*b + 75 = x*f - 72. What is the units digit of b?
7
Suppose 2*l = -0*l - 2*c + 2840, -l + c = -1416. Suppose 5*a - l = 3*f, -4*f = a - f - 298. What is the hundreds digit of a?
2
Suppose -4*z + 2 + 14 = 0, 2*z - 18 = -2*b. Suppose -j + 0*j = -b*y + 376, -5*y - j + 384 = 0. Let m = y - 42. What is the units digit of m?
4
Let j be 1/1*(11 + -2). Suppose -44 = -55*o + 54*o. Let c = o - j. What is the units digit of c?
5
Suppose -x = r + 3*r + 432, 2*r - 5*x + 194 = 0. Let n = -40 - r. What is the units digit of n?
7
Let z(c) = 2*c**2 - 6*c + 11. Suppose 2*t + x - 8 = 0, -5*t - 2*x = -5 - 17. Let q be t/(-9)*(-75)/10. What is the units digit of z(q)?
1
Suppose 3*n - 6*n + 2*q = -1066, 4*n = -5*q + 1429. What is the units digit of n?
6
What is the tens digit of (-123)/(-82)*4/(-2) + 587?
8
Suppose -7*s = 3*s - 80. Let v(u) = 29*u - 31. What is the units digit of v(s)?
1
Let v(d) = -71*d + 13. What is the hundreds digit of v(-7)?
5
Let k = 122 - 35. Suppose 3*h + 3*z - 12 = 0, -15*h = -19*h + z + 11. Suppose -m + k = 2*m + h*t, -4*t - 4 = -m. What is the units digit of m?
4
Suppose 7*y - 2332 - 13 = 0. What is the tens digit of y?
3
Suppose 3*u = i - 6 + 2, 0 = -3*u - 4*i + 16. Suppose u = 2*a - 0*n + 3*n - 12, -4*a + 12 = 3*n. Suppose a = -d + 5*d - 176. What is the tens digit of d?
4
Let f(k) = -k**3 + 8*k**2 - 13*k + 5. Let t be f(6). What is the hundreds digit of (-2)/((-8)/428) - t?
1
Let s(x) = x**2 + 4*x + 7. Let d(m) = 4*m + 6. Let v(n) = -6*d(n) + 5*s(n). Let q be (7 - 5) + -4*1. What is the units digit of v(q)?
7
Let v(r) = 9*r + 12. Let k(o) be the second derivative of -o**3/6 - o**2/2 - o. Let m(d) = -5*k(d) - v(d). What is the units digit of m(-8)?
5
Let o(y) = y**3 + 10*y**2 + 12*y + 7. Let g be o(-9). Let j = g - -2. What is the units digit of ((-51)/9 - -4)*j?
0
Let q(v) = 2*v**3 - 14*v**2 - 8*v + 38. What is the hundreds digit of q(12)?
3
Let p(o) = 10*o**2 + 1. Let a be p(1). Suppose 8*u = a*u - 210. What is the tens digit of u?
7
Let m = -83 + 86. Suppose -c + 34 = -2*t + 9, c = m*t + 25. What is the tens digit of c?
2
Suppose -6*v + 15 = -v. Suppose -1 = v*m - 16, 131 = 2*s + 5*m. What is the units digit of s?
3
Let s(d) = 55*d - 1. Let m(i) = 83*i - 2. Let u(x) = -5*m(x) + 8*s(x). Suppose 0*j = -2*j + 2. What is the tens digit of u(j)?
2
Suppose 0 = -3*t + 5*g + 245, 4*t + 5*g - 18 - 262 = 0. Let b = 62 + t. What is the tens digit of b?
3
Let w(d) = d**3 - 3*d**2 + 2*d - 3. Let p be w(2). What is the tens digit of (-14)/4*-46 - p?
6
Let x(j) = 33*j + 233. What is the hundreds digit of x(30)?
2
Let j = 18 - 16. Suppose j = 4*l - 54. What is the units digit of l?
4
Let q(s) = s**2 - 6*s - 6. Let f = -2 - -9. Let w be q(f). What is the tens digit of 13 + (-1 - (w - 1))?
1
Let c(z) = z - 3. Let d be c(5). Suppose -q - d*q + 252 = 0. What is the tens digit of q?
8
Let y = 9577 + -6349. What is the units digit of y?
8
Let h(l) = -l**2 - 6*l + 7. Let b be h(-7). Suppose b = q - 0*q - 25. What is the tens digit of ((-60)/q)/((-1)/5)?
1
Let m(p) = -6*p - 13. Let o(v) = 3*v + 6. Let w(j) = -2*m(j) - 5*o(j). Let i be w(-3). Suppose 3*y + 1 - 17 = i*r, -2*y + 44 = 5*r. What is the tens digit of y?
1
Suppose 0 = -d - 5*w + 29, 2*w - 13 = -2*d + 5. Let s be 60*d/(32/6). Suppose 4*t = -t + s. What is the units digit of t?
9
Let a(w) = w - 4. Let r be a(5). Let f be ((0 - 2) + 4)/r. Suppose -f*p + 48 = 2*l - 60, 2*l + 4*p - 112 = 0. What is the tens digit of l?
5
Let m(g) = -6*g - 4. Let y be (-13)/(-5) - (-15)/(-25). Let f be m(y). Let x = 2 - f. What is the tens digit of x?
1
Let h be -5 + 75 - (4 + 0). Let m = h + 7. What is the units digit of m?
3
Let r be 12/(-8) - 4806/(-4). Suppose r = -5*s + 10*s. Suppose 16*n - 11*n = s. What is the units digit of n?
8
Suppose 8*t + 7 - 31 = 0. Suppose -t*i + 5*i = 224. What is the hundreds digit of i?
1
Suppose 5*t - 15 = -0. Suppose 4*d = 2*y - 19 - 51, -5*y + 161 = -t*d. Let s = y - 11. What is the units digit of s?
0
Suppose 0 = 10*u - 328 - 382. Suppose 0*c - u = -c. What is the units digit of c?
1
Let q(i) = -7*i - 2. Suppose k - 1 = -5. What is the units digit of q(k)?
6
Let v be 4 + (2 - (-2 + 2)). Suppose -32 = -7*q + v*q. Let w = q + -19. What is the tens digit of w?
1
What is the hundreds digit of (884 - 2/2) + (-12 - -8)?
8
Let a be 1540/50 - (-3)/15. Suppose 204 = 5*l - a. What is the units digit of l?
7
Let f(z) = -z + 2. Let b be (-9 - -5)*(0 + 1). Let o be f(b). What is the tens digit of 8/o*(-45)/(-6)?
1
Suppose 3*o = -5*r + 181, 2*o - 3*r = -0*o + 108. Suppose 342 = -54*f + o*f. What is the tens digit of f?
1
Suppose -11*m = -12*m. Suppose 9*r - 5*r - 216 = m. What is the units digit of r?
4
Let z(c) = c**2 - 11*c - 15. Let h be z(12). Let k = 12 - h. Let s = k - -24. What is the units digit of s?
9
Let q be -10*((4 - 1) + -2). Let y(h) = -h**3 - 5*h**2 - 5*h - 6. Let w be y(-5). Let l = q + w. What is the units digit of l?
9
Let a(w) = -49*w + 1990. What is the hundreds digit of a(0)?
9
Let s = 153 - 95. Suppose -169 = -2*v - 3*o, 2*v + o - 101 - s = 0. What 